{"id":3,"date":"2025-07-29T20:26:26","date_gmt":"2025-07-29T20:26:26","guid":{"rendered":"https:\/\/my-pinkelephant.com\/masterclass\/?page_id=3"},"modified":"2025-08-06T00:56:42","modified_gmt":"2025-08-06T00:56:42","slug":"politica-privacidad","status":"publish","type":"page","link":"https:\/\/my-pinkelephant.com\/masterclass\/politica-privacidad\/","title":{"rendered":"Pol\u00edtica de privacidad"},"content":{"rendered":"\n<h2 class=\"wp-block-heading\">Pol\u00edtica de privacidad<\/h2>\n\n\n\n<p>Pol\u00edtica de privacidad<\/p>\n\n\n\n<p><strong>1. ALCANCE<\/strong><\/p>\n\n\n\n<p>La pol\u00edtica aplica a todos los datos personales que son tratados y que posee Pink Elephant, S.A. de C.V., sobre sus empleados, clientes y terceros.<\/p>\n\n\n\n<p><strong>2. OBJETIVOS<\/strong><\/p>\n\n\n\n<p>\u2022 Dar certeza a nuestros clientes acerca de que sus datos personales est\u00e1n protegidos<br>\u2022 Dar certeza a nuestro personal interno, externo y terceros acerca de que sus datos personales est\u00e1n protegidos.<br>\u2022 Dar cumplimiento a la LFPDPPP.<\/p>\n\n\n\n<p><strong>3. DEFINICIONES<\/strong><\/p>\n\n\n\n<p><strong>Aviso de Privacidad<\/strong>: Documento f\u00edsico, electr\u00f3nico o en cualquier otro formato generado por el responsable que es puesto a disposici\u00f3n del titular, previo al tratamiento de sus datos personales.<br><br><strong>Consentimiento<\/strong>: Manifestaci\u00f3n de la voluntad del titular de los datos mediante la cual se efect\u00faa el tratamiento de los mismos.<br><br><strong>Datos personales:&nbsp;<\/strong>Cualquier informaci\u00f3n concerniente a una persona f\u00edsica identificada o identificable.<br><br><strong>Datos personales sensibles:&nbsp;<\/strong>Aquellos datos personales que afecten a la esfera m\u00e1s \u00edntima de su titular, o cuya utilizaci\u00f3n indebida pueda dar origen a discriminaci\u00f3n o conlleve un riesgo grave para \u00e9ste. En particular, se consideran sensibles aquellos que puedan revelar aspectos como origen racial o \u00e9tnico, estado de salud presente y futuro, informaci\u00f3n gen\u00e9tica, creencias religiosas, filos\u00f3ficas y morales, afiliaci\u00f3n sindical, opiniones pol\u00edticas, preferencia sexual. La definici\u00f3n de alg\u00fan otro dato considerado como sensible queda sujeto al contexto de la organizaci\u00f3n.<br><br><strong>Encargado:<\/strong>&nbsp;Persona f\u00edsica o moral facultada por un instrumento jur\u00eddico o expresamente autorizado por el responsable para llevar a cabo el tratamiento de los datos personales.<br><br><strong>Intimidad<\/strong>: &nbsp;Zona espiritual \u00edntima y reservada de una persona o de un grupo, especialmente de una familia.<br><br><strong>LFPDPPP<\/strong>: Ley Federal de Protecci\u00f3n de Datos Personales en Posesi\u00f3n de los Particulares.<br><br><strong>Privacidad<\/strong>: \u00c1mbito de la vida privada que se tiene derecho a proteger de cualquier intromisi\u00f3n.<br><br><strong>Responsable:<\/strong>&nbsp;Persona f\u00edsica o moral de car\u00e1cter privado que decide sobre el tratamiento de datos personales.<br><br><strong>Tercero:<\/strong>&nbsp;La persona f\u00edsica o moral, nacional o extranjera, distinta del titular o del responsable de los datos.<br><br><strong>Titular<\/strong>: Persona f\u00edsica a quien corresponden los datos personales.<br><br><strong>Tratamiento<\/strong>: La obtenci\u00f3n, uso, divulgaci\u00f3n o almacenamiento de datos personales, por cualquier medio. El uso abarca cualquier acci\u00f3n de acceso, almacenamiento, manejo, intercambio, remisi\u00f3n, aprovechamiento, transferencia o disposici\u00f3n de datos personales.<\/p>\n\n\n\n<p><strong>4. AVISO DE PRIVACIDAD INTEGRAL<\/strong><\/p>\n\n\n\n<p>De conformidad con la Ley Federal de Protecci\u00f3n de Datos Personales en Posesi\u00f3n de los Particulares, (en lo sucesivo la Ley), Pink Elephant, S.A. DE C.V. (en los sucesivo la Empresa) al recabar y procesar la informaci\u00f3n de sus datos personales (que usted entrega en su car\u00e1cter de Prestador de Servicios) y como responsable en el tratamiento de los mismos, est\u00e1 obligada a observar los principios de licitud, consentimiento, informaci\u00f3n, calidad, finalidad, lealtad, proporcionalidad y responsabilidad previstos en la Ley. Por lo anterior se le hace entrega del presente aviso de privacidad, haciendo de su conocimiento las pol\u00edticas de privacidad que en el mismo se contienen y que rigen en la empresa.<\/p>\n\n\n\n<ul class=\"wp-block-list\">\n<li><strong>RESPONSABLE DEL TRATAMIENTO DE DATOS PERSONALES<\/strong><\/li>\n<\/ul>\n\n\n\n<p>Para la protecci\u00f3n de datos personales de titulares Pink Elephant, S.A. de C.V., es el encargado del uso y manejo de estos, teniendo como domicilio calle:&nbsp; Montecito 38, Cond 13, Piso 39, oficina 31, Col. N\u00e1poles, Delegaci\u00f3n Benito, Ju\u00e1rez, C.P. 03810, Ciudad de M\u00e9xico; mismo que est\u00e1 destinado para o\u00edr y recibir notificaciones.<\/p>\n\n\n\n<ul class=\"wp-block-list\">\n<li><strong>FINALIDADES PRIMARIAS<\/strong><\/li>\n<\/ul>\n\n\n\n<p>Sus datos personales ser\u00e1n utilizados para:<\/p>\n\n\n\n<ul class=\"wp-block-list\">\n<li>Contacto<\/li>\n\n\n\n<li>Relaci\u00f3n comercial<\/li>\n\n\n\n<li>Atenci\u00f3n a clientes<\/li>\n\n\n\n<li>Brindarle los servicios y productos que nos solicita;<\/li>\n\n\n\n<li>Ofrecerle La informaci\u00f3n sobre nuestros servicios y productos que m\u00e1s se adecuen a sus preferencias.<\/li>\n<\/ul>\n\n\n\n<p>Para lo cual es necesario recabar los siguientes datos personales:<\/p>\n\n\n\n<ul class=\"wp-block-list\">\n<li>Nombre<\/li>\n\n\n\n<li>Direcci\u00f3n<\/li>\n\n\n\n<li>Correo electr\u00f3nico<\/li>\n\n\n\n<li>Tel\u00e9fono de contacto<\/li>\n\n\n\n<li>Puesto<\/li>\n\n\n\n<li>Empresa<\/li>\n<\/ul>\n\n\n\n<p>Lo anterior ser\u00e1 obtenido a trav\u00e9s de correo electr\u00f3nico o en papel en forma de contrato.<\/p>\n\n\n\n<p><strong>FINALIDADES SECUNDARIAS<\/strong><\/p>\n\n\n\n<p>Pink Elephant, S.A. de C.V., hace de su conocimiento que utilizaremos su informaci\u00f3n personal para las siguientes finalidades secundarias que&nbsp;no son necesarias&nbsp;para el servicio solicitado, pero que nos permiten y facilitan brindarle una mejor atenci\u00f3n:<\/p>\n\n\n\n<ul class=\"wp-block-list\">\n<li>Mercadotecnia o publicitaria<\/li>\n\n\n\n<li>Prospecci\u00f3n comercial<\/li>\n\n\n\n<li>Comunicarle descuentos y promociones sobre nuestros servicios y productos;<\/li>\n\n\n\n<li>Atender sus quejas y solicitudes de aclaraciones;<\/li>\n\n\n\n<li>Evaluar la calidad de nuestros servicios;<\/li>\n<\/ul>\n\n\n\n<p>En caso de que no desee que sus datos personales se utilicen para estos fines secundarios, ind\u00edquelo a continuaci\u00f3n:<\/p>\n\n\n\n<p>No consiento que mis datos personales se utilicen para los siguientes fines:<br><br>[&nbsp;&nbsp;]&nbsp;Mercadotecnia o publicitaria[&nbsp;&nbsp;]&nbsp;Prospecci\u00f3n comercial<\/p>\n\n\n\n<p>En caso de que EL TITULAR no desee que sus datos personales sean utilizados para todas o algunas de las Finalidades Secundarias que se establecen en el apartado anterior, deber\u00e1 enviar una solicitud de eliminaci\u00f3n de sus datos, especificando las finalidades para las que desea que no sean tratados sus datos personales, al siguiente correo electr\u00f3nico: \u201c<a href=\"mailto:info.mx@pinkelephant.com\">info.mx@pinkelephant.com<\/a><strong>\u201d.<\/strong><br><br>La negativa para el uso de sus datos personales para estas finalidades no podr\u00e1 ser un motivo para que le neguemos los servicios y productos que solicita o contrata con nosotros.<\/p>\n\n\n\n<p>Para las finalidades establecidas en el p\u00e1rrafo anterior, el titular de los datos cuenta con 5 d\u00edas h\u00e1biles para manifestar su negativa, independientemente de estos d\u00edas en cualquier momento del tratamiento el titular puede manifestar su negativa a trav\u00e9s del siguiente correo electr\u00f3nico: \u201c&nbsp;<a href=\"mailto:info.mx@pinkelephant.com\">info.mx@pinkelephant.com<\/a>\u201d.<\/p>\n\n\n\n<p><strong>Datos obtenidos.<\/strong><\/p>\n\n\n\n<p>Podemos obtener sus datos directamente cuando acuda a alguna de nuestras oficinas, por tel\u00e9fono o por medios electr\u00f3nicos (internet o e-mail), al solicitar nuestros servicios o presentar quejas y sugerencias respecto de los mismos o a trav\u00e9s de fuentes que est\u00e1n permitidas por la Ley.<\/p>\n\n\n\n<p>Estos datos son necesarios y esenciales para la prestaci\u00f3n de nuestros servicios y facturaci\u00f3n, en su caso, y ser\u00e1n tratados \u00fanicamente para las finalidades establecidas en el presente aviso de privacidad.<\/p>\n\n\n\n<p><strong>Informaci\u00f3n que se recaba.<\/strong><\/p>\n\n\n\n<p>Para las finalidades se\u00f1aladas en el presente aviso de privacidad, podemos recabar sus datos personales ya sea cuando usted nos los proporcione personalmente o cuando le solicitemos informaci\u00f3n por cualquier medio.<\/p>\n\n\n\n<p>La empresa puede recabar informaci\u00f3n relacionada con la contrataci\u00f3n de nuestros servicios profesionales, la cual normalmente consiste en copia fotost\u00e1tica de los documentos enunciados a continuaci\u00f3n:<\/p>\n\n\n\n<ul class=\"wp-block-list\">\n<li>Datos de identificaci\u00f3n<\/li>\n\n\n\n<li>Datos de contacto<\/li>\n\n\n\n<li>RFC<\/li>\n<\/ul>\n\n\n\n<p>Y\/o cualquier otro documento que se requiera recopilar en relaci\u00f3n con la contrataci\u00f3n de nuestros servicios profesionales.<\/p>\n\n\n\n<p>La empresa puede recopilar informaci\u00f3n general que usted directamente nos proporcione o que nos haga llegar por cualquier medio, con los siguientes datos: tel\u00e9fono particular, tel\u00e9fono celular, correo personal, y\/o cualquier otro dato que se relacione con la contrataci\u00f3n de sus servicios, adem\u00e1s de su firma cuando se le requiera en recibos de honorarios o cualquier otro documento que corresponda.<\/p>\n\n\n\n<p><strong>Transferencia de datos.<\/strong><\/p>\n\n\n\n<p>En ocasiones podremos transferir sus datos a proveedores para fines de facturaci\u00f3n, evaluaci\u00f3n de calidad y seguimiento a quejas y sugerencias, estudios de mercado y campa\u00f1as promocionales o bien para ofrecerle nuevos servicios y promociones.<\/p>\n\n\n\n<p>Con fundamento en los art\u00edculos 36 y 37 de LFPDPPP, los datos pueden ser transferidos l\u00edcitamente para las finalidades establecidas en el presente aviso de privacidad.<\/p>\n\n\n\n<p><strong>Finalidad del tratamiento de los datos personales.<\/strong><\/p>\n\n\n\n<p>Sus datos personales pueden ser transferidos y tratados por personas distintas al Responsable, en ese sentido, su informaci\u00f3n puede ser compartida con alianzas de la Empresa, para dar a conocer sus datos generales, con aseguradoras para la emisi\u00f3n de p\u00f3lizas de seguro; autoridades gubernamentales; cualquier empresa que se contrate para que proporcione el servicio de outsourcing, en caso de aplicarlo y\/o con cualquier otra entidad p\u00fablica o privada en relaci\u00f3n con la prestaci\u00f3n de sus servicios profesionales para la empresa.<\/p>\n\n\n\n<p><strong>&nbsp;<\/strong><strong>Protecci\u00f3n de la informaci\u00f3n personal.<\/strong><\/p>\n\n\n\n<p>La empresa toma las precauciones, ya sean administrativas, t\u00e9cnicas, tecnol\u00f3gicas o f\u00edsicas para resguardar la informaci\u00f3n personal, que corresponde a sus datos personales, de p\u00e9rdidas, robos o usos indebidos, as\u00ed como el acceso, divulgaci\u00f3n, modificaci\u00f3n o destrucci\u00f3n no autorizadas.<\/p>\n\n\n\n<p><strong>Divulgaci\u00f3n de informaci\u00f3n permitida por ley.<\/strong><\/p>\n\n\n\n<p>Es posible que la Empresa tenga que divulgar su informaci\u00f3n personal en virtud de alguna disposici\u00f3n de Ley, procedimiento judicial, administrativo, acci\u00f3n legal, y\/o por alguna solicitud hecha por alguna autoridad p\u00fablica y gubernamental dentro o fuera del pa\u00eds de residencia. Tambi\u00e9n es posible que la empresa divulgue la informaci\u00f3n si considera que por razones de seguridad nacional y en cumplimiento de las leyes u otras cuestiones de importancia nacional, dicha divulgaci\u00f3n es necesario o convenientes.<\/p>\n\n\n\n<p><strong>Prohibici\u00f3n de revelar informaci\u00f3n para otros fines.<\/strong><\/p>\n\n\n\n<p>No compartiremos su informaci\u00f3n personal con compa\u00f1\u00edas o personas f\u00edsicas externas, para fines que no sean los descritos en el presente aviso de privacidad, por ejemplo, no venderemos informaci\u00f3n personal a ninguna persona que desee ofrecerle sus productos o servicios.<\/p>\n\n\n\n<p><strong>Limitar el uso o divulgaci\u00f3n de sus datos.<\/strong><\/p>\n\n\n\n<p>Para que el titular pueda, en todo momento limitar el uso y divulgaci\u00f3n de sus datos personales puede dirigirse a&nbsp;<a href=\"mailto:info.mx@pinkelephant.com\">info.mx@pinkelephant.com<\/a>.<\/p>\n\n\n\n<p>Se hace de su conocimiento que existen otros mecanismos para limitar el uso y divulgaci\u00f3n de sus datos como son Registro P\u00fablico para Evitar Publicidad (REPEP) de la PROFECO o el Registro P\u00fablico de Usuarios (REUS) de la CONDUSEF de los cuales los puede consultar mayor informaci\u00f3n acerca de su registro en las p\u00e1ginas web de cada una de las dependencias.<\/p>\n\n\n\n<p><strong>Uso de Cookies<\/strong>.<br>Con el fin de ofrecerle un servicio personalizado y responsable, almacenamos informaci\u00f3n sobre c\u00f3mo utiliza nuestro sitio web. Esto se hace mediante un peque\u00f1o archivo de texto llamado cookie. Las cookies contienen peque\u00f1as cantidades de informaci\u00f3n y se descargan en su ordenador u otro dispositivo por un servidor de este sitio web. Su navegador env\u00eda estas cookies de nuevo a este sitio web en cada visita posterior para que pueda reconocerle y recordar cosas como las preferencias de usuario.<\/p>\n\n\n\n<p>Cada vez que se utiliza nueestro sitio web, la informaci\u00f3n puede ser almacenada mediante el uso de cookies y otras tecnolog\u00edas. Al utilizar el sitio web, usted acepta el uso de cookies, como se describe en este Aviso de Privacidad, as\u00ed como para el uso de cookies en otro pa\u00eds, regi\u00f3n o sitios web espec\u00edficos contenidos en \u201c<a href=\"http:\/\/www.pinkelephant.com\/\" target=\"_blank\" rel=\"noopener\">www.pinkelephant.com<\/a>\u201d, tal como se describe en el presente Aviso de Uso de Cookies.<\/p>\n\n\n\n<p><strong>Derechos ARCO.<\/strong><\/p>\n\n\n\n<p>Usted tiene los siguientes derechos asignados por la ley, \u201cAcceso, Rectificaci\u00f3n, Cancelaci\u00f3n y Oposici\u00f3n\u201d sobre sus datos personales, as\u00ed como de oponerse al tratamiento de los mismos y en cualquier momento revocar el consentimiento que para tal fin nos haya otorgado, con s\u00f3lo manifestarlo en un escrito libre y firmado en original, el cual puede hacer llegar a la siguiente direcci\u00f3n de correo electr\u00f3nico<strong>:&nbsp;<\/strong><a href=\"mailto:info.mx@pinkelephant.com\">info.mx@pinkelephant.com<\/a><strong>,<\/strong>&nbsp;en horario de oficina de 9:00 a 18:00 horas. Por ley se tendr\u00e1 un plazo m\u00e1ximo de 72 horas para atender su petici\u00f3n.<\/p>\n\n\n\n<ul class=\"wp-block-list\">\n<li><strong>Informaci\u00f3n y\/o documentos necesarios para el ejercicio de derechos ARCO.<\/strong><\/li>\n\n\n\n<li>Solicitud de ejercicio de derechos.<\/li>\n\n\n\n<li>Copia de los documentos de acreditaci\u00f3n del titular o del representante.<\/li>\n\n\n\n<li>Datos de contacto (Nombre, correo electr\u00f3nico y\/o tel\u00e9fono) Del titular.<\/li>\n\n\n\n<li><strong>\u00a0La solicitud para el ejercicio de derechos ARCO deber\u00e1 contener:<\/strong><\/li>\n\n\n\n<li>Nombre, correo electr\u00f3nico y\/o tel\u00e9fono.<\/li>\n\n\n\n<li>Dato del medio por el cual se estar\u00e1 en contacto para las notificaciones de la solicitud.<\/li>\n\n\n\n<li>Descripci\u00f3n clara y precisa de los datos personales respecto de los que se busca ejercer alguno de los derechos antes mencionados, y<\/li>\n\n\n\n<li>Dato que ayude para la localizaci\u00f3n de los datos (Servicio adquirido)<\/li>\n<\/ul>\n\n\n\n<p><strong>Procedimientos espec\u00edficos para el ejercicio de los derechos ARCO.<\/strong><\/p>\n\n\n\n<p>Con base en el Art\u00edculo 35 de la LFPDPPP y en el Art\u00edculo 93 del RLFPDPPP, Pink Elephant indica que el ejercicio de los derechos ARCO es sencillo y gratuito.<\/p>\n\n\n\n<p><strong>Revocaci\u00f3n del consentimiento.<\/strong><\/p>\n\n\n\n<p>As\u00ed como tenemos la obligaci\u00f3n de atender sus solicitudes de derechos ARCO tambi\u00e9n puede pedir la revocaci\u00f3n del consentimiento lo siguiente dirigi\u00e9ndose a&nbsp;<a href=\"mailto:info.mx@pinkelephant.com\">info.mx@pinkelephant.com<\/a><strong>,<\/strong>&nbsp;donde se le brindar\u00e1 m\u00e1s informaci\u00f3n.<\/p>\n\n\n\n<p><strong>Cambios.<\/strong><\/p>\n\n\n\n<p>El presente aviso de privacidad puede sufrir modificaciones, cambios o actualizaciones derivadas de nuevos requerimientos legales; de nuestras propias necesidades por los servicios que ofrecemos; de nuestras pr\u00e1cticas de privacidad; de cambios en nuestro modelo de negocio, o por otras causas. Los cambios realizados al presente aviso de privacidad podr\u00e1n ser consultados en nuestra p\u00e1gina de internet \u201c<a href=\"https:\/\/www.pinkelephant-latam.com\/\" target=\"_blank\" rel=\"noopener\">www.pinkelephant-latam.com<\/a>\u201d o en nuestro domicilio ubicado en: Montecito 38, Cond 13, Piso 39, oficina 31, Col. N\u00e1poles, Delegaci\u00f3n Benito, Ju\u00e1rez, C.P. 03810, Ciudad de M\u00e9xico.<\/p>\n\n\n\n<p><strong>Contacto.<\/strong><\/p>\n\n\n\n<p>Si tiene preguntas sobre este aviso de privacidad, el manejo de sus datos o informaci\u00f3n de nuestros servicios, por favor contacte a nuestro encargado de protecci\u00f3n de datos personales en el siguiente correo electr\u00f3nico:&nbsp;<a href=\"mailto:info.mx@pinkelephant.com\">info.mx@pinkelephant.com<\/a>.<\/p>\n\n\n\n<p><strong>Consentimiento t\u00e1cito:<\/strong><\/p>\n\n\n\n<p>Cuando sea aplicable, si no manifiesta su oposici\u00f3n para que sus datos sean tratados en los t\u00e9rminos que se\u00f1alamos en el presente aviso de privacidad, se entender\u00e1 que ha otorgado su consentimiento para ello.<\/p>\n\n\n\n<p><strong>Consentimiento expl\u00edcito:<\/strong><\/p>\n\n\n\n<p>Cuando sea aplicable, usted puede manifestar su aceptaci\u00f3n o su oposici\u00f3n para que sus datos personales y\/o datos sensibles sean tratados o transferidos, otorgando o negando su consentimiento para ello, en los siguientes t\u00e9rminos:<\/p>\n\n\n\n<ul class=\"wp-block-list\">\n<li>S\u00ed consiento que mis datos personales y\/o datos sensibles sean transferidos en los t\u00e9rminos que se\u00f1ala el presente aviso de privacidad.<\/li>\n\n\n\n<li>No consiento que mis datos personales y\/o datos sensibles sean transferidos en los t\u00e9rminos que se\u00f1ala el presente aviso de privacidad.<\/li>\n<\/ul>\n\n\n\n<p>Fecha de elaboraci\u00f3n 26 de abril de 2023. Pink Elephant., S.A. de C.V.&nbsp;<\/p>\n","protected":false},"excerpt":{"rendered":"<p>Pol\u00edtica de privacidad Pol\u00edtica de privacidad 1. ALCANCE La pol\u00edtica aplica a todos los datos personales que son tratados y [&hellip;]<\/p>\n","protected":false},"author":1,"featured_media":0,"parent":0,"menu_order":0,"comment_status":"closed","ping_status":"open","template":"","meta":{"site-sidebar-layout":"default","site-content-layout":"","ast-site-content-layout":"default","site-content-style":"default","site-sidebar-style":"default","ast-global-header-display":"","ast-banner-title-visibility":"","ast-main-header-display":"","ast-hfb-above-header-display":"","ast-hfb-below-header-display":"","ast-hfb-mobile-header-display":"","site-post-title":"","ast-breadcrumbs-content":"","ast-featured-img":"","footer-sml-layout":"","theme-transparent-header-meta":"","adv-header-id-meta":"","stick-header-meta":"","header-above-stick-meta":"","header-main-stick-meta":"","header-below-stick-meta":"","astra-migrate-meta-layouts":"default","ast-page-background-enabled":"default","ast-page-background-meta":{"desktop":{"background-color":"var(--ast-global-color-5)","background-image":"","background-repeat":"repeat","background-position":"center center","background-size":"auto","background-attachment":"scroll","background-type":"","background-media":"","overlay-type":"","overlay-color":"","overlay-opacity":"","overlay-gradient":""},"tablet":{"background-color":"","background-image":"","background-repeat":"repeat","background-position":"center center","background-size":"auto","background-attachment":"scroll","background-type":"","background-media":"","overlay-type":"","overlay-color":"","overlay-opacity":"","overlay-gradient":""},"mobile":{"background-color":"","background-image":"","background-repeat":"repeat","background-position":"center center","background-size":"auto","background-attachment":"scroll","background-type":"","background-media":"","overlay-type":"","overlay-color":"","overlay-opacity":"","overlay-gradient":""}},"ast-content-background-meta":{"desktop":{"background-color":"var(--ast-global-color-4)","background-image":"","background-repeat":"repeat","background-position":"center center","background-size":"auto","background-attachment":"scroll","background-type":"","background-media":"","overlay-type":"","overlay-color":"","overlay-opacity":"","overlay-gradient":""},"tablet":{"background-color":"var(--ast-global-color-4)","background-image":"","background-repeat":"repeat","background-position":"center center","background-size":"auto","background-attachment":"scroll","background-type":"","background-media":"","overlay-type":"","overlay-color":"","overlay-opacity":"","overlay-gradient":""},"mobile":{"background-color":"var(--ast-global-color-4)","background-image":"","background-repeat":"repeat","background-position":"center center","background-size":"auto","background-attachment":"scroll","background-type":"","background-media":"","overlay-type":"","overlay-color":"","overlay-opacity":"","overlay-gradient":""}},"footnotes":""},"class_list":["post-3","page","type-page","status-publish","hentry"],"_links":{"self":[{"href":"https:\/\/my-pinkelephant.com\/masterclass\/wp-json\/wp\/v2\/pages\/3","targetHints":{"allow":["GET"]}}],"collection":[{"href":"https:\/\/my-pinkelephant.com\/masterclass\/wp-json\/wp\/v2\/pages"}],"about":[{"href":"https:\/\/my-pinkelephant.com\/masterclass\/wp-json\/wp\/v2\/types\/page"}],"author":[{"embeddable":true,"href":"https:\/\/my-pinkelephant.com\/masterclass\/wp-json\/wp\/v2\/users\/1"}],"replies":[{"embeddable":true,"href":"https:\/\/my-pinkelephant.com\/masterclass\/wp-json\/wp\/v2\/comments?post=3"}],"version-history":[{"count":1,"href":"https:\/\/my-pinkelephant.com\/masterclass\/wp-json\/wp\/v2\/pages\/3\/revisions"}],"predecessor-version":[{"id":345,"href":"https:\/\/my-pinkelephant.com\/masterclass\/wp-json\/wp\/v2\/pages\/3\/revisions\/345"}],"wp:attachment":[{"href":"https:\/\/my-pinkelephant.com\/masterclass\/wp-json\/wp\/v2\/media?parent=3"}],"curies":[{"name":"wp","href":"https:\/\/api.w.org\/{rel}","templated":true}]}}